-2*w + 5*q + 139, -2*w - w + 206 = -5*q. What is the remainder when w is divided by 23?
21
Suppose 2*y = 3*y + 3. Let h be (8/y - -2)*-33. What is the remainder when 20 is divided by 4/h + (-150)/(-22)?
6
Suppose -3*d - 6 = -6*d. Let u be (d - -1)*(-714)/(-9). Suppose 0 = 5*a - c - u, a + 0*c + 3*c - 38 = 0. Calculate the remainder when a is divided by 16.
15
Let o = 63 - 54. What is the remainder when 59 is divided by o?
5
Suppose -9 = 4*j - 65. Calculate the remainder when j is divided by 9.
5
Let g = -6 + 7. What is the remainder when g is divided by 1?
0
Suppose -4*l + 2*a + 68 = -0*a, l = -5*a + 28. Calculate the remainder when 141 is divided by l.
15
Let f = -4 + 4. Suppose f = -2*h - 0*h. Suppose h*y + 30 = 3*y. Calculate the remainder when y is divided by 4.
2
Let k(z) = z**2 + z**2 - 6 + 4 - 2*z. Suppose -o - 7 = 2*q, -4*q = -4*o - q + 27. Calculate the remainder when k(-2) is divided by o.
1
What is the remainder when 8 is divided by (-33)/(-9) + 4/(-6)?
2
Suppose 3*w = -15, 0*j + w + 8 = 3*j. Calculate the remainder when j/(5/2 + -2) is divided by 2.
0
Suppose 3*i = -27 + 135. Calculate the remainder when 47 is divided by 8/(-3)*i/(-8).
11
Suppose h = -4*t + 30, 3*h - 4*t - 13 = 13. Let a be 1/(-4) - (-418)/8. Suppose -h + a = c. What is the remainder when c is divided by 20?
18
Suppose -4*q + 47 = 4*u - 81, 169 = 5*u - 4*q. Suppose -2*x + 8 = 2*x. Calculate the remainder when u is divided by x/(-4) - (-35)/2.
16
Calculate the remainder when (-12 + 2)*(4 - 9) is divided by 19.
12
Suppose 2*z - 4 = 3*z. Let c be (-10)/z*(-4)/5. Calculate the remainder when 34 is divided by (-17)/c + 4/8.
7
Let s(b) = b**3 + 5*b**2 - 15*b - 1. What is the remainder when 38/4 - (-3)/(-6) is divided by s(-7)?
3
Let a(t) = -27*t + 2. What is the remainder when 115 is divided by a(-1)?
28
Suppose 2*f - 30 = 28. Calculate the remainder when 83 is divided by f.
25
Let u(h) = 12*h. Suppose 2*o = 26 + 18. What is the remainder when o is divided by u(1)?
10
Let l = 19 - 0. Suppose -44 = -3*w - w. Suppose 19 = 2*q - o, -q = 3*o - 3 + w. What is the remainder when l is divided by q?
5
Let y = 6 + -11. Let b = -3 - y. What is the remainder when b is divided by 1?
0
Let u(o) = o**3 + 8*o**2 - 3*o - 11. What is the remainder when 89 is divided by u(-8)?
11
Let z be 326/(-5) - (-4)/20. What is the remainder when z/(-4) - 5/20 is divided by 6?
4
Let j be -1*21/((-6)/(-2)). Let p(w) = -w**3 - 7*w**2 - 3*w - 7. Let a be p(j). Let r = a + -6. What is the remainder when 22 is divided by r?
6
Suppose 4*o = 3*l + 2*o - 124, 4*o - 132 = -4*l. Let h = -20 + -8. Let t = -15 - h. Calculate the remainder when l is divided by t.
12
Suppose -2*q - 29 - 7 = -4*s, -3*s = 5*q - 40. Let x = 18 + s. What is the remainder when x is divided by 10?
8
Let o(c) = -2*c**2 - 11*c - 8. Let l(b) = -4*b**2 - 23*b - 17. Let v(x) = 3*l(x) - 7*o(x). Calculate the remainder when v(-6) is divided by 10.
9
Let i = -126 + 210. What is the remainder when i is divided by 22?
18
Suppose 36 = b + 2*n, 0 = b - 0*n + 5*n - 48. What is the remainder when b is divided by 16?
12
Suppose -2*z = 3*z - 215. Let t = -28 + z. Calculate the remainder when 43/((-3)/(-9)*3) is divided by t.
13
Let c(h) = h**3 + 5*h**2 - 2*h - 6. Let z be c(-5). Calculate the remainder when 41/(-3 + (z - 0)) is divided by (21/(-2))/(3/(-4)).
13
Let m = -9 - -18. Let p = 9 + 8. What is the remainder when p is divided by m?
8
Suppose -2*h - 7 = -2*u + 17, 2*h = u - 17. Suppose -3 = -2*x + u. What is the remainder when 0 + (1 - 0)*9 is divided by x?
4
Calculate the remainder when 32/(-144) - (-40)/18 is divided by (3/(-9))/(1/(-3)).
0
Let s(f) = f - 12. Let l be s(5). Let x = l - -13. Calculate the remainder when x is divided by 2.
0
Let y = 44 - 40. Let g(l) = -3*l. Let z(f) = -4*f. Let m(u) = -8*g(u) + 5*z(u). What is the remainder when m(y) is divided by 9?
7
Calculate the remainder when (40 + 1 - -4) + 4 is divided by 13.
10
Let h be 546/13 - (-1)/1. Let z = -22 + h. Calculate the remainder when z is divided by 12.
9
Calculate the remainder when 48 is divided by (-6)/(-51) + 168/17.
8
Suppose 4*x + 2*z + 16 = 0, x - 4*z + 0*z - 14 = 0. Let b be (-1)/(x/10 - 0). Suppose -b*t + 15 = -40. Calculate the remainder when 21 is divided by t.
10
Let s be (2/2*-9)/1. Let t(k) = k**2 + 7*k - 8. Calculate the remainder when 28 is divided by t(s).
8
Let l(y) = -y**3 + 9*y**2 - 8*y. Calculate the remainder when l(7) is divided by 18.
6
Let d(k) = 2*k**2 + 6*k - 5. What is the remainder when 7 is divided by d(-4)?
1
Let i = 13 - 12. What is the remainder when 1 is divided by i?
0
Let t(x) = x**3 - 19*x**2 + 19*x - 14. What is the remainder when 12 is divided by t(18)?
0
Suppose -2*c - 30 = -3*u - 7*c, -4*c = -2*u + 42. Let p = -3 - -32. Calculate the remainder when p is divided by u.
14
Suppose 0 = -3*q + 4 + 17. Suppose -q*z + 2*z = -55. Calculate the remainder when z is divided by 7.
4
Calculate the remainder when (4 - (-27)/(-6))*-134 is divided by 17.
16
Let u = -5 + -80. What is the remainder when 49 is divided by (u/(-10))/(1/2)?
15
Let y(k) be the first derivative of -k**3/3 + 2*k**2 + 2*k + 4. Let x be y(5). What is the remainder when 35 is divided by ((-3)/x)/(1/12)?
11
Suppose -3*d + 9*d = 372. Calculate the remainder when d is divided by 21.
20
Suppose -16 = -2*h + 30. What is the remainder when h is divided by 6?
5
Suppose 4*u - d - 17 - 90 = 0, 3*d = 5*u - 139. Let q(s) = 3*s**2 - 3*s - 4. Calculate the remainder when u is divided by q(3).
12
Let v(w) = 2*w**2 - w - 2. Let k be v(2). Suppose k = -2*p + 54. What is the remainder when p is divided by 9?
7
Suppose 2*i + 3 = 3*l - 3, -3*i + 3*l - 3 = 0. Suppose 35 = m + i*h, 62 = 2*m + 3*h - h. Calculate the remainder when m is divided by 10.
9
Let u(w) be the third derivative of 1/12*w**4 - 2*w**2 + 1/6*w**3 + 0 + 0*w - 1/120*w**6 + 1/12*w**5. Calculate the remainder when 21 is divided by u(5).
10
Let m = -70 + 75. What is the remainder when 42 is divided by m?
2
Suppose a - 2*y = -2, 3*y - 21 = -3*a - 0*y. Calculate the remainder when a is divided by 2.
0
Let g(l) = l**2 - 2*l - 6. Let n be g(4). What is the remainder when (-1)/(420/212 - n) is divided by 14?
11
Let b be (2 + 3)*9/15. Suppose -b*r + 125 = 2*r. What is the remainder when r is divided by 9?
7
Suppose -4*z = z - 195. What is the remainder when z is divided by 10?
9
Let l = -10 - -22. Let z = l - 11. Calculate the remainder when 1 is divided by z.
0
Suppose 0 = -2*t - 80 + 408. What is the remainder when t is divided by 33?
32
Suppose 0 = -8*m + 12*m + 2*g - 160, -3*g = -6. Calculate the remainder when m is divided by 21.
18
Let o(r) = r**3 - 4*r**2 - 5*r + 5. Let y(u) = u + 5. Let x be y(0). What is the remainder when 19 is divided by o(x)?
4
Let x = 5 - 3. Calculate the remainder when 6 is divided by x.
0
Suppose -3*c = 5*t - 44, -18 = t - 4*t + c. Let k(f) = f + 7. What is the remainder when t is divided by k(-4)?
1
Suppose -3 = -2*g - 5*q - 57, -q = 3*g + 55. Let x = -5 - g. Suppose -c - 3*c = -x. What is the remainder when c is divided by 1?
0
What is the remainder when (0 - (0 - 3)) + 20 is divided by 12?
11
Let s = -99 - -103. What is the remainder when 29 is divided by s?
1
Let b = 3 - 1. Let g = 5 - b. Suppose 0*t = g*t - 2*h - 150, h - 141 = -3*t. Calculate the remainder when t is divided by 25.
23
Let i(l) = -l**2 - 11*l - 2. Calculate the remainder when 12 is divided by i(-10).
4
Let i = 17 + -16. What is the remainder when 39 is divided by 11 + 2 + (2 - i)?
11
Let i be (-1 + 1)/(-1) + -6. Let j = 4 + -2. Calculate the remainder when (6/(-4))/(i/20) is divided by j.
1
Let o(n) = -16*n - 4. What is the remainder when 45 is divided by o(-1)?
9
Let w = 3 + 7. Let s be (-1 - 1)*404/8. Let c = -72 - s. What is the remainder when c is divided by w?
9
Suppose -5*n + n = 16. Let t = 25 - n. Let l(k) = 4*k + 39. Calculate the remainder when t is divided by l(-6).
14
What is the remainder when -1 - (-1 + -12 + -1) is divided by 5?
3
Suppose 0 = 6*n - n - u - 12, 0 = 5*n + 4*u - 2. Let a be n/(-3 + 5/2). What is the remainder when 16 is divided by -1 + 8 - (a - -2)?
7
Let j be -1 + -2 - (-240)/4. Let d = j - 34. What is the remainder when d is divided by 12?
11
Suppose v = -2*v. Suppose -20 = -v*u - 5*u. Let d = 23 - 9.